{"id":2067,"date":"2020-08-02T17:29:31","date_gmt":"2020-08-02T15:29:31","guid":{"rendered":"https:\/\/maternailes.fr\/?page_id=2067"},"modified":"2025-08-08T10:18:20","modified_gmt":"2025-08-08T08:18:20","slug":"enseigner-en-maternelle-pas-facile","status":"publish","type":"page","link":"https:\/\/maternailes.fr\/?page_id=2067","title":{"rendered":"Enseigner en maternelle\u2026 pas facile."},"content":{"rendered":"\n<p><em>Il nous faut tenir compte des sp\u00e9cificit\u00e9s du jeune enfant, de ses besoins incontournables et iconoclastes pour le monde de l&rsquo;\u00e9cole : besoin de jouer, d&rsquo;exp\u00e9rimenter, de d\u00e9couvrir l&rsquo;autre et le monde, par lui-m\u00eame, en toute s\u00e9curit\u00e9 affective\u2026<\/em><\/p>\n\n\n\n<p><em>Pour ses premiers pas d&rsquo;\u00e9colier, l&rsquo;enfant arrive riche de sa culture familiale, pas toujours en harmonie avec celle de l&rsquo;\u00e9cole, avec ses attentes, son langage\u2026<\/em><\/p>\n\n\n\n<p><em>Pourtant chaque enfant doit pouvoir devenir \u00e9l\u00e8ve et d\u00e9velopper ce formidable go\u00fbt d&rsquo;apprendre qui caract\u00e9rise la petite enfance.<\/em><\/p>\n\n\n\n<p>Il nous faut int\u00e9grer la grande diversit\u00e9 des \u00e9l\u00e8ves.<\/p>\n\n\n\n<p>Comment faire quand dans une m\u00eame section se c\u00f4toient des enfants si diff\u00e9rents ?<br>L&rsquo;un raconte ses aventures de la veille, l&rsquo;autre prononce \u00e0 peine une phrase.<br>Celui-ci commence \u00e0 \u00e9crire \u00e0 la moindre occasion, celui-l\u00e0 trace laborieusement son initiale.<br>Comment permettre \u00e0 chacun de progresser \u00e0 sa mesure ?<\/p>\n\n\n\n<p>Maternailes est le fruit de cette recherche, toujours en mouvement depuis septembre 1999, au fil des \u00e9changes avec vous, des observations de mes \u00e9l\u00e8ves, des lectures, des rencontres\u2026<br>Petit \u00e0 petit, j&rsquo;ai emprunt\u00e9 des pistes \u00e9loign\u00e9es des pratiques traditionnelles : ateliers \u00e9chelonn\u00e9s, brevets de r\u00e9ussites, inscription volontaire aux ateliers, permanence des coins jeux, entr\u00e9e dans l&rsquo;activit\u00e9 sp\u00e9cifique adapt\u00e9e \u00e0 la petite enfance, espace d&rsquo;auto-d\u00e9termination, m\u00e9lange des sections dans l&rsquo;esprit des cycles d&rsquo;apprentissages\u2026<br>Sans dogmatisme. Si j&rsquo;explore \u00e0 ma fa\u00e7on des pistes trac\u00e9es par C\u00e9lestin Freinet , Maria Montessori, ou la PMEV, il existe de nombreuses autres fa\u00e7ons d&rsquo;enseigner efficacement.<\/p>\n\n\n\n<p>Une seule constante : lorsque l&rsquo;on parque 30 \u00e9l\u00e8ves dans une classe maternelle, comme il est possible de le faire en France, il devient impossible d&rsquo;enseigner \u00e0 tous, quels que soient les talents du maitre.<\/p>\n\n\n\n<p>Et pour finir, merci \u00e0 Philippe Tassel dont la contribution a \u00e9t\u00e9 d\u00e9terminante dans cette nouvelle version de Maternailes.<br>Depuis les d\u00e9buts, nos compl\u00e9mentarit\u00e9s et la qualit\u00e9 de nos \u00e9changes autour de la p\u00e9dagogie n&rsquo;ont cess\u00e9 d&rsquo;enrichir le site.<\/p>\n\n\n\n<p>Christine Lemoine,<br>Enseignante, autrice du site Maternailes<\/p>\n","protected":false},"excerpt":{"rendered":"<p>Il nous faut tenir compte des sp\u00e9cificit\u00e9s du jeune enfant, de ses besoins incontournables et iconoclastes pour le monde de l&rsquo;\u00e9cole : besoin de jouer, d&rsquo;exp\u00e9rimenter, de d\u00e9couvrir l&rsquo;autre et le monde, par lui-m\u00eame, en toute s\u00e9curit\u00e9 affective\u2026 Pour ses premiers pas d&rsquo;\u00e9colier, l&rsquo;enfant arrive riche de sa culture familiale, pas toujours en harmonie avec [&hellip;]<\/p>\n","protected":false},"author":1,"featured_media":0,"parent":0,"menu_order":0,"comment_status":"closed","ping_status":"closed","template":"","meta":{"_eb_attr":"","footnotes":""},"class_list":["post-2067","page","type-page","status-publish","hentry"],"_links":{"self":[{"href":"https:\/\/maternailes.fr\/index.php?rest_route=\/wp\/v2\/pages\/2067","targetHints":{"allow":["GET"]}}],"collection":[{"href":"https:\/\/maternailes.fr\/index.php?rest_route=\/wp\/v2\/pages"}],"about":[{"href":"https:\/\/maternailes.fr\/index.php?rest_route=\/wp\/v2\/types\/page"}],"author":[{"embeddable":true,"href":"https:\/\/maternailes.fr\/index.php?rest_route=\/wp\/v2\/users\/1"}],"replies":[{"embeddable":true,"href":"https:\/\/maternailes.fr\/index.php?rest_route=%2Fwp%2Fv2%2Fcomments&post=2067"}],"version-history":[{"count":12,"href":"https:\/\/maternailes.fr\/index.php?rest_route=\/wp\/v2\/pages\/2067\/revisions"}],"predecessor-version":[{"id":5921,"href":"https:\/\/maternailes.fr\/index.php?rest_route=\/wp\/v2\/pages\/2067\/revisions\/5921"}],"wp:attachment":[{"href":"https:\/\/maternailes.fr\/index.php?rest_route=%2Fwp%2Fv2%2Fmedia&parent=2067"}],"curies":[{"name":"wp","href":"https:\/\/api.w.org\/{rel}","templated":true}]}}

<p><em>Il nous faut tenir compte des spécificités du jeune enfant, de ses besoins incontournables et iconoclastes pour le monde de l&rsquo;école : besoin de jouer, d&rsquo;expérimenter, de découvrir l&rsquo;autre et le monde, par lui-même, en toute sécurité affective…</em></p>



<p><em>Pour ses premiers pas d&rsquo;écolier, l&rsquo;enfant arrive riche de sa culture familiale, pas toujours en harmonie avec celle de l&rsquo;école, avec ses attentes, son langage…</em></p>



<p><em>Pourtant chaque enfant doit pouvoir devenir élève et développer ce formidable goût d&rsquo;apprendre qui caractérise la petite enfance.</em></p>



<p>Il nous faut intégrer la grande diversité des élèves.</p>



<p>Comment faire quand dans une même section se côtoient des enfants si différents ?<br>L&rsquo;un raconte ses aventures de la veille, l&rsquo;autre prononce à peine une phrase.<br>Celui-ci commence à écrire à la moindre occasion, celui-là trace laborieusement son initiale.<br>Comment permettre à chacun de progresser à sa mesure ?</p>



<p>Maternailes est le fruit de cette recherche, toujours en mouvement depuis septembre 1999, au fil des échanges avec vous, des observations de mes élèves, des lectures, des rencontres…<br>Petit à petit, j&rsquo;ai emprunté des pistes éloignées des pratiques traditionnelles : ateliers échelonnés, brevets de réussites, inscription volontaire aux ateliers, permanence des coins jeux, entrée dans l&rsquo;activité spécifique adaptée à la petite enfance, espace d&rsquo;auto-détermination, mélange des sections dans l&rsquo;esprit des cycles d&rsquo;apprentissages…<br>Sans dogmatisme. Si j&rsquo;explore à ma façon des pistes tracées par Célestin Freinet , Maria Montessori, ou la PMEV, il existe de nombreuses autres façons d&rsquo;enseigner efficacement.</p>



<p>Une seule constante : lorsque l&rsquo;on parque 30 élèves dans une classe maternelle, comme il est possible de le faire en France, il devient impossible d&rsquo;enseigner à tous, quels que soient les talents du maitre.</p>



<p>Et pour finir, merci à Philippe Tassel dont la contribution a été déterminante dans cette nouvelle version de Maternailes.<br>Depuis les débuts, nos complémentarités et la qualité de nos échanges autour de la pédagogie n&rsquo;ont cessé d&rsquo;enrichir le site.</p>



<p>Christine Lemoine,<br>Enseignante, autrice du site Maternailes</p>

<p>Il nous faut tenir compte des spécificités du jeune enfant, de ses besoins incontournables et iconoclastes pour le monde de l&rsquo;école : besoin de jouer, d&rsquo;expérimenter, de découvrir l&rsquo;autre et le monde, par lui-même, en toute sécurité affective… Pour ses premiers pas d&rsquo;écolier, l&rsquo;enfant arrive riche de sa culture familiale, pas toujours en harmonie avec [&hellip;]</p>
